70715.
5, 1754143
List the prime factors of 6222808.
2, 37, 21023
What are the prime factors of 19976548?
2, 53, 94229
List the prime factors of 276392.
2, 34549
List the prime factors of 6594563.
41, 3923
List the prime factors of 409214.
2, 13, 15739
What are the prime factors of 5197608?
2, 3, 13, 617
What are the prime factors of 27169996?
2, 7, 71, 79, 173
What are the prime factors of 740087?
740087
What are the prime factors of 407776?
2, 12743
List the prime factors of 22327734.
2, 3, 11, 13, 53, 491
What are the prime factors of 2876459?
31, 92789
List the prime factors of 2754135.
3, 5, 23, 887
What are the prime factors of 975472?
2, 41, 1487
What are the prime factors of 6701231?
157, 42683
List the prime factors of 1228339.
7, 379, 463
List the prime factors of 1413379.
11, 128489
List the prime factors of 71817.
3, 37, 647
List the prime factors of 513889.
23, 22343
List the prime factors of 571369.
571369
List the prime factors of 28676851.
7, 4096693
What are the prime factors of 573744?
2, 3, 11953
What are the prime factors of 366490?
2, 5, 67, 547
What are the prime factors of 21923442?
2, 3, 277, 4397
What are the prime factors of 3035011?
7, 23, 2693
List the prime factors of 1683500.
2, 5, 7, 13, 37
What are the prime factors of 420029?
420029
What are the prime factors of 30747101?
7, 11, 17, 83, 283
List the prime factors of 217577.
217577
What are the prime factors of 6779777?
6779777
List the prime factors of 7639185.
3, 5, 251, 2029
List the prime factors of 2863081.
13, 113, 1949
What are the prime factors of 12248095?
5, 2449619
What are the prime factors of 996102?
2, 3, 55339
List the prime factors of 341966.
2, 61, 2803
What are the prime factors of 8406318?
2, 3, 1401053
List the prime factors of 66341.
11, 37, 163
What are the prime factors of 473123?
7, 67589
What are the prime factors of 9403716?
2, 3, 7, 111949
List the prime factors of 244352.
2, 23, 83
List the prime factors of 1687077.
3, 7, 61, 439
List the prime factors of 4903554.
2, 3, 23, 35533
What are the prime factors of 230195?
5, 7, 6577
List the prime factors of 33146.
2, 16573
List the prime factors of 218361.
3, 11, 13, 509
What are the prime factors of 15127605?
3, 5, 127, 2647
What are the prime factors of 546937?
546937
What are the prime factors of 4876093?
17, 97, 2957
List the prime factors of 5398576.
2, 337411
What are the prime factors of 665529?
3, 163, 1361
What are the prime factors of 2794030?
2, 5, 31, 9013
List the prime factors of 1178491.
17, 181, 383
What are the prime factors of 486437?
7, 69491
What are the prime factors of 877592?
2, 163, 673
What are the prime factors of 1244874?
2, 3, 207479
What are the prime factors of 21039455?
5, 17, 127, 1949
What are the prime factors of 916381?
173, 5297
What are the prime factors of 99708?
2, 3, 7, 1187
List the prime factors of 134793.
3, 17, 881
List the prime factors of 288891.
3, 32099
List the prime factors of 407.
11, 37
List the prime factors of 502357.
691, 727
List the prime factors of 1097283.
3, 11, 41, 811
List the prime factors of 1077468.
2, 3, 7, 101, 127
List the prime factors of 8053717.
7, 1150531
List the prime factors of 16915592.
2, 2114449
What are the prime factors of 1539410?
2, 5, 153941
List the prime factors of 3107520.
2, 3, 5, 13, 83
What are the prime factors of 4173783?
3, 1391261
List the prime factors of 1190821.
1190821
List the prime factors of 25550.
2, 5, 7, 73
List the prime factors of 367046.
2, 183523
List the prime factors of 21000278.
2, 13, 62131
List the prime factors of 379006.
2, 31, 6113
What are the prime factors of 139792?
2, 8737
What are the prime factors of 130609?
211, 619
List the prime factors of 732223.
71, 10313
List the prime factors of 24176702.
2, 11, 19, 57839
What are the prime factors of 28069?
28069
What are the prime factors of 727873?
41, 433
List the prime factors of 714032.
2, 11, 4057
What are the prime factors of 26765598?
2, 3, 97, 45989
List the prime factors of 5391235.
5, 1078247
What are the prime factors of 753407?
19, 2087
What are the prime factors of 8567771?
47, 421, 433
What are the prime factors of 23697322?
2, 11, 449, 2399
What are the prime factors of 773837?
773837
What are the prime factors of 1231032?
2, 3, 11, 4663
List the prime factors of 151706.
2, 75853
What are the prime factors of 114119?
139, 821
What are the prime factors of 14579362?
2, 7, 31, 4799
What are the prime factors of 360707?
197, 1831
List the prime factors of 1071146.
2, 535573
What are the prime factors of 188616?
2, 3, 29, 271
List the prime factors of 519023.
19, 59, 463
What are the prime factors of 7574507?
7574507
What are the prime factors of 7448951?
37, 109, 1847
What are the prime factors of 14203087?
1531, 9277
List the prime factors of 407718.
2, 3, 22651
What are the prime factors of 1567549?
1567549
What are the prime factors of 1034014?
2, 83, 6229
List the prime factors of 1455677.
1455677
List the prime factors of 6208949.
6208949
List the prime factors of 12921903.
3, 478589
List the prime factors of 2827209.
3, 7, 11, 12239
List the prime factors of 16946.
2, 37, 229
List the prime factors of 337873.
337873
List the prime factors of 105657.
3, 41, 859
What are the prime factors of 7967382?
2, 3, 523, 2539
List the prime factors of 3022991.
17, 177823
What are the prime factors of 923416?
2, 13, 683
What are the prime factors of 508557?
3, 7, 61, 397
What are the prime factors of 142142?
2, 7, 11, 13, 71
What are the prime factors of 280118?
2, 227, 617
What are the prime factors of 599092?
2, 13, 41, 281
What are the prime factors of 317112?
2, 3, 73, 181
What are the prime factors of 76243?
76243
What are the prime factors of 7859327?
7, 1122761
List the prime factors of 1246192.
2, 71, 1097
What are the prime factors of 19044?
2, 3, 23
What are the prime factors of 518852?
2, 19, 6827
List the prime factors of 79953.
3, 29, 919
What are the prime factors of 18871?
113, 167
What are the prime factors of 10641288?
2, 3, 7, 97, 653
List the prime factors of 106417.
106417
List the prime factors of 2675952.
2, 3, 18583
List the prime factors of 246894.
2, 3, 41149
What are the prime factors of 11035070?
2, 5, 31, 35597
List the prime factors of 7655543.
7, 31, 35279
List the prime factors of 296384.
2, 11, 421
What are the prime factors of 14478707?
23, 629509
List the prime factors of 24454547.
13, 1881119
List the prime factors of 29307276.
2, 3, 31, 26261
What are the prime factors of 3625690?
2, 5, 362569
What are the prime factors of 42521371?
42521371
What are the prime factors of 6227456?
2, 12163
List the prime factors of 1213763.
1213763
What are the prime factors of 958106?
2, 103, 4651
What are the prime factors of 9080462?
2, 4540231
List the prime factors of 23685869.
383, 61843
List the prime factors of 77271.
3, 43, 599
What are the prime factors of 412648?
2, 51581
List the prime factors of 3958427.
11, 41, 67, 131
List the prime factors of 15154564.
2, 89, 42569
What are the prime factors of 907154?
2, 17, 26681
List the prime factors of 56565.
3, 5, 419
List the prime factors of 896951.
11, 73, 1117
List the prime factors of 8809465.
5, 7, 41, 877
List the prime factors of 1674770.
2, 5, 373, 449
List the prime factors of 5930097.
3, 1976699
List the prime factors of 139456.
2, 2179
What are the prime factors of 36475824?
2, 3, 7, 11, 71, 139
What are the prime factors of 2814710?
2, 5, 173, 1627
What are the prime factors of 570405?
3, 5, 11, 3457
List the prime factors of 458137.
23, 19919
List the prime factors of 7611187.
7611187
List the prime factors of 228032.
2, 7, 509
List the prime factors of 26786318.
2, 13, 347, 2969
What are the prime factors of 13042137?
3, 4347379
What are the prime factors of 4618034?
2, 181, 12757
What are the prime factors of 12327583?
47, 73, 3593
List the prime factors of 8331605.
5, 1666321
List the prime factors of 246450.
2, 3, 5, 31, 53
List the prime factors of 29922.
2, 3, 4987
List the prime factors of 4364281.
19, 229699
What are the prime factors of 755251?
7, 23, 4691
List the prime factors of 150230.
2, 5, 83, 181
List the prime factors of 277047.
3, 31, 331
List the prime factors of 31377.
3, 10459
List the prime factors of 581082.
